{"id":54,"date":"2020-02-04T22:08:53","date_gmt":"2020-02-04T22:08:53","guid":{"rendered":"http:\/\/oldtimerklub-varazdin.hr\/?page_id=54"},"modified":"2026-04-18T06:56:55","modified_gmt":"2026-04-18T06:56:55","slug":"impressum","status":"publish","type":"page","link":"https:\/\/oldtimerklub-varazdin.hr\/?page_id=54","title":{"rendered":"Impressum"},"content":{"rendered":"\n<p><strong>Oldtimer klub Vara\u017edin (OKV)<\/strong><br>Srednja 56<br>42202 \u0160emovec<br>OIB: <strong>56206564154<\/strong><br>IBAN: HR5124840081135142901 <br><\/p>\n\n\n\n<p>Predsjednik: Kre\u0161imir Komar (+385 95 905 6717)<br>Dopredsjednik: Marijan Me\u0161tri\u0107 (+385 91 611 4322)<br>e-mail: oldtimerklubvarazdin@gmail.com<br><\/p>\n\n\n\n<p><strong>Djelatnosti:<\/strong><br><\/p>\n\n\n\n<ul class=\"wp-block-list\">\n<li>okupljanje vlasnika i  simpatizera oldtimer vozila i stare tehnike s ciljem o\u010duvanja tog dijela  kulturne ba\u0161tine u originalnom stanju<\/li>\n\n\n\n<li>javna prezentacija putem izlo\u017ebi i sudjelovanje na oldtimer susretima<\/li>\n\n\n\n<li>me\u0111usobno pomaganje \u010dlanova Udruge i suradnja sa srodnim organizacijama u Hrvatskoj i izvan<\/li>\n\n\n\n<li>popularizacija oldtimera putem medija i drugih djelatnosti koje doprinose tome<\/li>\n<\/ul>\n\n\n\n<p><\/p>\n\n\n\n<p><\/p>\n","protected":false},"excerpt":{"rendered":"<p>Oldtimer klub Vara\u017edin (OKV)Srednja 5642202 \u0160emovecOIB: 56206564154IBAN: HR5124840081135142901 Predsjednik: Kre\u0161imir Komar (+385 95 905 6717)Dopredsjednik: Marijan Me\u0161tri\u0107 (+385 91 611&#8230;<\/p>\n","protected":false},"author":1,"featured_media":0,"parent":0,"menu_order":0,"comment_status":"closed","ping_status":"closed","template":"","meta":{"footnotes":""},"class_list":["post-54","page","type-page","status-publish","hentry"],"_links":{"self":[{"href":"https:\/\/oldtimerklub-varazdin.hr\/index.php?rest_route=\/wp\/v2\/pages\/54","targetHints":{"allow":["GET"]}}],"collection":[{"href":"https:\/\/oldtimerklub-varazdin.hr\/index.php?rest_route=\/wp\/v2\/pages"}],"about":[{"href":"https:\/\/oldtimerklub-varazdin.hr\/index.php?rest_route=\/wp\/v2\/types\/page"}],"author":[{"embeddable":true,"href":"https:\/\/oldtimerklub-varazdin.hr\/index.php?rest_route=\/wp\/v2\/users\/1"}],"replies":[{"embeddable":true,"href":"https:\/\/oldtimerklub-varazdin.hr\/index.php?rest_route=%2Fwp%2Fv2%2Fcomments&post=54"}],"version-history":[{"count":9,"href":"https:\/\/oldtimerklub-varazdin.hr\/index.php?rest_route=\/wp\/v2\/pages\/54\/revisions"}],"predecessor-version":[{"id":4183,"href":"https:\/\/oldtimerklub-varazdin.hr\/index.php?rest_route=\/wp\/v2\/pages\/54\/revisions\/4183"}],"wp:attachment":[{"href":"https:\/\/oldtimerklub-varazdin.hr\/index.php?rest_route=%2Fwp%2Fv2%2Fmedia&parent=54"}],"curies":[{"name":"wp","href":"https:\/\/api.w.org\/{rel}","templated":true}]}}